rime factors of 8104?
2, 1013
List the prime factors of 17662.
2, 8831
What are the prime factors of 889?
7, 127
List the prime factors of 19106.
2, 41, 233
List the prime factors of 55165.
5, 11, 17, 59
What are the prime factors of 43615?
5, 11, 13, 61
What are the prime factors of 1297?
1297
What are the prime factors of 4923?
3, 547
List the prime factors of 22959.
3, 2551
What are the prime factors of 314?
2, 157
What are the prime factors of 4994?
2, 11, 227
List the prime factors of 1751.
17, 103
What are the prime factors of 17154?
2, 3, 953
List the prime factors of 105892.
2, 23, 1151
What are the prime factors of 57332?
2, 11, 1303
What are the prime factors of 23736?
2, 3, 23, 43
What are the prime factors of 379?
379
List the prime factors of 31941.
3, 7, 13
List the prime factors of 11106.
2, 3, 617
List the prime factors of 2341.
2341
What are the prime factors of 379?
379
List the prime factors of 346.
2, 173
What are the prime factors of 3986?
2, 1993
What are the prime factors of 369?
3, 41
List the prime factors of 58588.
2, 97, 151
List the prime factors of 7570.
2, 5, 757
What are the prime factors of 20353?
20353
List the prime factors of 76046.
2, 47, 809
List the prime factors of 2446.
2, 1223
List the prime factors of 26933.
23, 1171
List the prime factors of 9292.
2, 23, 101
What are the prime factors of 12620?
2, 5, 631
List the prime factors of 28561.
13
What are the prime factors of 1799?
7, 257
What are the prime factors of 17426?
2, 8713
List the prime factors of 38839.
38839
What are the prime factors of 8442?
2, 3, 7, 67
What are the prime factors of 3541?
3541
List the prime factors of 1321.
1321
What are the prime factors of 3610?
2, 5, 19
What are the prime factors of 6830?
2, 5, 683
What are the prime factors of 16086?
2, 3, 7, 383
What are the prime factors of 1329?
3, 443
What are the prime factors of 25919?
25919
What are the prime factors of 1548?
2, 3, 43
What are the prime factors of 2913?
3, 971
List the prime factors of 73671.
3, 13, 1889
What are the prime factors of 4012?
2, 17, 59
What are the prime factors of 3457?
3457
What are the prime factors of 20731?
20731
List the prime factors of 83049.
3, 19, 31, 47
List the prime factors of 53340.
2, 3, 5, 7, 127
What are the prime factors of 36997?
36997
List the prime factors of 205.
5, 41
List the prime factors of 101.
101
What are the prime factors of 4201?
4201
What are the prime factors of 1459?
1459
List the prime factors of 750.
2, 3, 5
What are the prime factors of 1259?
1259
List the prime factors of 326.
2, 163
List the prime factors of 291.
3, 97
List the prime factors of 5379.
3, 11, 163
What are the prime factors of 5114?
2, 2557
List the prime factors of 673.
673
What are the prime factors of 8609?
8609
What are the prime factors of 29723?
29723
What are the prime factors of 69228?
2, 3, 641
List the prime factors of 7001.
7001
List the prime factors of 10527.
3, 11, 29
What are the prime factors of 2398?
2, 11, 109
List the prime factors of 172.
2, 43
List the prime factors of 100213.
100213
List the prime factors of 2060.
2, 5, 103
What are the prime factors of 4548?
2, 3, 379
List the prime factors of 34509.
3, 11503
What are the prime factors of 664?
2, 83
List the prime factors of 11711.
7, 239
List the prime factors of 8382.
2, 3, 11, 127
What are the prime factors of 65204?
2, 16301
List the prime factors of 2261.
7, 17, 19
What are the prime factors of 15729?
3, 7, 107
What are the prime factors of 3694?
2, 1847
List the prime factors of 231.
3, 7, 11
List the prime factors of 1244.
2, 311
List the prime factors of 13823.
23, 601
What are the prime factors of 42374?
2, 21187
What are the prime factors of 14138?
2, 7069
What are the prime factors of 484?
2, 11
List the prime factors of 169.
13
List the prime factors of 977.
977
What are the prime factors of 3194?
2, 1597
List the prime factors of 1126.
2, 563
What are the prime factors of 1926?
2, 3, 107
List the prime factors of 802.
2, 401
What are the prime factors of 2209?
47
What are the prime factors of 18687?
3, 6229
List the prime factors of 3548.
2, 887
What are the prime factors of 4986?
2, 3, 277
List the prime factors of 9812.
2, 11, 223
List the prime factors of 61.
61
List the prime factors of 22978.
2, 11489
List the prime factors of 3143.
7, 449
What are the prime factors of 2350?
2, 5, 47
List the prime factors of 4361.
7, 89
What are the prime factors of 5345?
5, 1069
What are the prime factors of 414?
2, 3, 23
List the prime factors of 19406.
2, 31, 313
What are the prime factors of 31789?
83, 383
What are the prime factors of 14584?
2, 1823
What are the prime factors of 440?
2, 5, 11
List the prime factors of 3428.
2, 857
List the prime factors of 1114.
2, 557
List the prime factors of 7546.
2, 7, 11
List the prime factors of 173554.
2, 107, 811
What are the prime factors of 101006?
2, 50503
List the prime factors of 831.
3, 277
List the prime factors of 1607.
1607
List the prime factors of 1135.
5, 227
List the prime factors of 1871.
1871
What are the prime factors of 15010?
2, 5, 19, 79
What are the prime factors of 1883?
7, 269
List the prime factors of 4167.
3, 463
What are the prime factors of 13672?
2, 1709
List the prime factors of 4569.
3, 1523
What are the prime factors of 83107?
41, 2027
What are the prime factors of 322?
2, 7, 23
What are the prime factors of 1028?
2, 257
List the prime factors of 57675.
3, 5, 769
What are the prime factors of 650?
2, 5, 13
What are the prime factors of 855?
3, 5, 19
What are the prime factors of 18000?
2, 3, 5
List the prime factors of 101074.
2, 97, 521
List the prime factors of 29506.
2, 14753
What are the prime factors of 1255?
5, 251
What are the prime factors of 3361?
3361
What are the prime factors of 1143?
3, 127
List the prime factors of 38943.
3, 4327
What are the prime factors of 8372?
2, 7, 13, 23
What are the prime factors of 21454?
2, 17, 631
List the prime factors of 34465.
5, 61, 113
List the prime factors of 153811.
7, 43, 73
List the prime factors of 19557.
3, 41, 53
What are the prime factors of 8478?
2, 3, 157
List the prime factors of 109823.
7, 29, 541
List the prime factors of 243.
3
List the prime factors of 397.
397
What are the prime factors of 29164?
2, 23, 317
List the prime factors of 536.
2, 67
List the prime factors of 7542.
2, 3, 419
What are the prime factors of 2262?
2, 3, 13, 29
List the prime factors of 39592.
2, 7, 101
List the prime factors of 53038.
2, 23, 1153
What are the prime factors of 10560?
2, 3, 5, 11
What are the prime factors of 22821?
3, 7607
List the prime factors of 39020.
2, 5, 1951
What are the prime factors of 587?
587
List the prime factors of 51364.
2, 12841
What are the prime factors of 30270?
2, 3, 5, 1009
List the prime factors of 4254.
2, 3, 709
What are the prime factors of 79313?
13, 6101
What are the prime factors of 179525?
5, 43, 167
What are the prime factors of 85571?
85571
What are the prime factors of 1077?
3, 359
List the prime factors of 31134.
2, 3, 5189
List the prime factors of 692.
2, 173
List the prime factors of 1194.
2, 3, 199
List the prime factors of 1279.
1279
What are the prime factors of 621?
3, 23
List the prime factors of 1639.
11, 149
What are the prime factors of 11078?
2, 29, 191
List the prime factors of 12.
2, 3
List the prime factors of 771.
3, 257
What are the prime factors of 1084?
2, 271
List the prime factors of 3690.
2, 3, 5, 41
What are the prime factors of 29680?
2, 5, 7, 53
What are the prime factors of 845?
5, 13
List the prime factors of 7188.
2, 3, 599
List the prime factors of 29711.
11, 37, 73
List the prime factors of 31816.
2, 41, 97
What are the prime factors of 5457?
3, 17, 107
What are the prime factors of 13268?
2, 31, 107
What are the prime factors of 4882?
2, 2441
List the prime factors of 3579.
3, 1193
What are the prime factors of 14852?
2, 47, 79
List the prime factors of 398.
2, 199
List the prime factors of 11882.
2, 13, 457
What are the prime factors of 31272?
2, 3, 1303
What are the prime factors of 3248?
2, 7, 29
List the prime factors of 108.
2, 3
List the prime factors of 22135.
5, 19, 233
List the prime factors of 907.
907
What are the prime factors of 40770?
2, 3, 5, 151
What are the prime